e ((-6)/(-4))/(2/4). Let y = -156 + 159. What is the greatest common divisor of j and y?
3
Let b = 72 + -44. Let z = 17 + -12. Let f = z - -2. What is the greatest common factor of b and f?
7
Suppose 2*l + 3*l - 25 = 0. Let u be (-23 + l)*(-4)/3. Calculate the highest common factor of 6 and u.
6
Let h(a) = -a**2 + a + 17. Let t be h(0). Suppose -r + 140 = 41. Suppose 3*q + g - r = -0*g, -2*q + g + 71 = 0. Calculate the greatest common factor of t and q.
17
Suppose 0 = i - 3*y - 51, 4*y - 21 = -2*i + 31. What is the highest common divisor of i and 24?
12
Let q = 220 + -100. Let k = 72 + -110. Let t be (-2)/3 + k/(-3). Calculate the greatest common factor of q and t.
12
Suppose -7*a + 4*a + 36 = 0. What is the greatest common factor of 108 and a?
12
Suppose 0 = -5*v - 15, -d - 5*v + 385 = 4*d. What is the greatest common divisor of 10 and d?
10
Suppose 2*j - 6 = 0, 4*w - 50 = 4*j - 2*j. Calculate the highest common factor of w and 2.
2
Suppose 0*k = 3*k - 4*i - 67, 5*k - 65 = -5*i. What is the greatest common factor of k and 68?
17
Suppose -6*g = -5*u - 3*g + 57, -5*u + 2*g + 58 = 0. Let q = 11 + -7. What is the greatest common factor of q and u?
4
Let o(d) = 61*d**2 + 2*d + 2. Let a = -8 - -6. Let r be o(a). Calculate the highest common divisor of 22 and r.
22
Suppose -3 + 4 = -4*g + 5*z, -z = 3*g - 23. Suppose 19 = 2*p - 3*u, g*u = 3*p + 2*u - 30. Calculate the greatest common divisor of 14 and p.
14
Let q be -2 + (2*4 - 1). Suppose 5*c = 5 + 10. Suppose -g + t - 47 = -c*g, 5*t = -4*g + 85. Calculate the highest common divisor of q and g.
5
Suppose -4*t + 4 + 5 = -d, 3*t = -4*d + 59. Suppose n - 176 = -3*n. What is the greatest common divisor of d and n?
11
Suppose -4*n + m + 43 = 0, 2*m + 3*m = 25. Calculate the greatest common divisor of 384 and n.
12
Let p = 634 - 445. Calculate the highest common divisor of p and 7.
7
Let d(k) = 5*k. Let r be d(1). Let b be ((-36)/8)/(2/4). Let a(x) = -x**3 - 8*x**2 + 8*x - 7. Let v be a(b). Calculate the highest common factor of r and v.
1
Let g = -27 - -89. What is the highest common factor of 155 and g?
31
Let q(m) = m. Let f(k) = 2*k**2 - 2*k - 1. Let u be f(-1). Let t be q(u). Suppose t*g = g + 64. Calculate the highest common factor of g and 16.
16
Suppose 4*a = 29 + 7. Let w = a - 5. Calculate the highest common factor of 8 and w.
4
Let p = 1 - -3. Calculate the highest common divisor of 36 and p.
4
Let t(m) be the third derivative of m**4/12 + m**3/6 - 2*m**2. Let f be t(-6). Let w be (-2)/f + 520/44. What is the greatest common factor of 12 and w?
12
Suppose 0*f - 3*n + 185 = 2*f, 3*n = -5*f + 449. Suppose 0 = -5*q + 17 + f. What is the greatest common divisor of q and 84?
21
Let u = -5 - -22. Suppose -5*z = -b - 2*z + u, -4*z = 0. Calculate the highest common factor of b and 119.
17
Let g be 119/11 - (-4)/22. Calculate the greatest common divisor of g and 33.
11
Let y(f) = 3*f - 3. Let c be y(2). Suppose c*u - 16 = 56. What is the greatest common divisor of u and 24?
24
Suppose -213 = -3*m - p, -3*m - 4*p + 176 + 28 = 0. Suppose 3*h = h + m. What is the highest common divisor of 18 and h?
18
Suppose -4*f = -3*w, 0*f - 2*f + 14 = 2*w. Let r be 12/(-4)*(-2)/f. Let p be (1 + -2)/(r/(-26)). What is the highest common divisor of 104 and p?
13
Let f(s) = -4*s - 18. Let z(m) = 1. Let b(i) = f(i) + 12*z(i). Let h be b(-4). Let q = h + 2. What is the highest common divisor of 3 and q?
3
Suppose q = 4*d - 51, -3*d - q + 39 = -2*q. Let p(f) = 25*f**2 - 8*f - 9. Let j be p(-1). What is the greatest common divisor of j and d?
12
Let l be (73 - -3 - 2) + 2. Calculate the greatest common divisor of l and 19.
19
Suppose 3*d - 293 = 43. Suppose d = 2*o + 2*o. Calculate the highest common factor of o and 14.
14
Let b(a) = -a**2 - 11*a - 8. Let y be b(-11). Let m be (-4)/((-12)/y - 2). What is the highest common divisor of m and 1?
1
Suppose -28 - 12 = -g. Suppose 143 = -5*m + i + 373, 2*i + 84 = 2*m. Let b = m - 27. What is the highest common divisor of b and g?
20
Let f = -2 - -14. Let m be -2 - (-7 - (4 - 3)). Suppose -a + f = -m. Calculate the highest common factor of a and 162.
18
Let i(s) = -s**3 + 2*s + 99. Let p be i(0). What is the greatest common factor of 9 and p?
9
Let z(a) = 2*a + 2. Let j be z(2). Suppose 4*o - j*o = -24. Calculate the highest common factor of o and 60.
12
Let v(t) = 11*t - 3. Let d be v(6). Calculate the greatest common divisor of 7 and d.
7
Suppose 2*d - 2*t - 91 = -3*t, -4*t = -2*d + 86. Calculate the highest common factor of d and 18.
9
Suppose 0 = -8*u + 3*u - 3*w + 925, -u + 4*w = -185. Calculate the highest common factor of 74 and u.
37
Let a = 1026 + -648. Calculate the greatest common factor of 42 and a.
42
Let s(w) = 9*w - 2. Let k be s(2). Calculate the highest common factor of 16 and k.
16
Suppose -b = -5 + 3. Suppose 2*g - 142 = -4*t, b*g - 5*t - 89 = 71. Calculate the greatest common factor of 30 and g.
15
Let q = 12 - 19. Let s(d) = -d**2 - 9*d - 1. Let r be s(q). Suppose 0 = -b - 3*c + 155, 699 = b + 4*b - 4*c. What is the greatest common divisor of r and b?
13
Let n = -1702 + 3956. Let s be 2/9 - n/(-63). Calculate the greatest common factor of s and 90.
18
Let c be (-1 + -21)/((-34)/323). Calculate the greatest common factor of 19 and c.
19
Suppose -x = 4*c - 21, c + c - 6 = 4*x. Suppose 3*t - 2*t = c*p + 9, -4*t + 13 = 3*p. Calculate the highest common factor of 6 and t.
2
Suppose -4 = -5*f + 46. Calculate the highest common factor of f and 4.
2
Suppose 32 + 67 = 2*w - 3*c, -129 = -2*w - 3*c. What is the highest common divisor of 19 and w?
19
Suppose 4 = h - 0*h. Suppose -h*x = 0, -2*y + 0*x = -4*x - 66. What is the greatest common divisor of y and 3?
3
Suppose -s - 21 = -4*a - 0*s, -4*s + 6 = 2*a. Suppose -4*o = -t - 4*t - 20, -a*t = -2*o. What is the greatest common divisor of 25 and o?
5
Let h be (3/2)/(27/288). Let b = -33 + 65. What is the highest common divisor of h and b?
16
Suppose k = 25 + 39. What is the highest common divisor of 96 and k?
32
Suppose 3*d - 35 = -4*f, 3*d - 2*d = 5*f - 39. What is the highest common factor of 1 and f?
1
Suppose -5*r + 50 = -3*t, -r - 13 = 4*t - 0*t. What is the greatest common divisor of r and 77?
7
Let f(x) = -x**2 - 6*x - 4. Let a be f(-5). Let c be 2 - 3*(-4)/4. Let l be (-5)/c*-1*10. Calculate the highest common factor of l and a.
1
Suppose 226*d + 64 = 230*d. What is the highest common divisor of 16 and d?
16
Let q(j) = 3*j**2 - 3*j + 4. Let v be q(4). Let o be (-48)/2*(-3)/6. Let c = -8 + o. Calculate the highest common divisor of c and v.
4
Let h be 3/((-6)/(-32)*1). Suppose -2*f - 2*b + 56 = 0, f + 0*b = 2*b + 40. Calculate the greatest common divisor of h and f.
16
Let p be ((-14)/4)/(21/(-294)). What is the greatest common factor of p and 28?
7
Suppose -86 = 3*d - 8*d - 3*i, -5*i = 15. Let p = -193 + 269. What is the highest common factor of p and d?
19
Let a(o) = o - 1. Let b be a(11). Let j(t) = 3*t**2 - t. Let g be j(-5). Calculate the highest common divisor of b and g.
10
Suppose 3 = 3*n - 0*n. Suppose -68 - 9 = -11*s. Calculate the highest common divisor of s and n.
1
Let w be 41 + 3/(-6 - -3). Let d = -24 + w. Calculate the greatest common divisor of 16 and d.
16
Let m = 41 + -29. What is the greatest common factor of 120 and m?
12
Suppose 2*t - 5*t = -66. What is the highest common factor of 22 and t?
22
Let f(j) = -4*j. Let v be f(-1). Suppose 5*u - v*u = 24. Let b(l) = l**3 - 4*l**2 - l - 6. Let d be b(6). What is the greatest common divisor of u and d?
12
Suppose 3*v = -0*v - 3*r + 21, 0 = 5*v + 2*r - 20. Suppose -5*k - 3*s = -16, 0 = -3*s - v*s + 10. What is the greatest common factor of k and 4?
2
Let d be -363*1*2/(-24)*4. Calculate the highest common divisor of 22 and d.
11
Suppose 32 = 2*s - 3*m, m - 149 = -5*s - 52. Let j = s - 8. Let a = j - -1. Calculate the highest common factor of 4 and a.
4
Suppose 96 = -q + 161. What is the highest common divisor of 26 and q?
13
Suppose -4*v + 3*v + 2 = 0. What is the greatest common divisor of v and 6?
2
Let h be 1 + -4 - (-25 + 2). Suppose 0*t - t = -3*o - 10, -t - 2*o + h = 0. What is the highest common factor of t and 24?
8
Suppose -3*q + 23 = -13. Suppose -5*f + 50 = -0*f. Let n be 3/1 + (f - 1). What is the highest common divisor of q and n?
12
Let